{"id":2526,"date":"2025-03-10T21:14:27","date_gmt":"2025-03-10T20:14:27","guid":{"rendered":"https:\/\/porteursdevivres79.com\/?page_id=2526"},"modified":"2026-03-18T09:43:34","modified_gmt":"2026-03-18T08:43:34","slug":"mentions-legales","status":"publish","type":"page","link":"https:\/\/www.porteursdevivres.fr\/index.php\/mentions-legales\/","title":{"rendered":"MENTIONS L\u00c9GALES"},"content":{"rendered":"<!--themify_builder_content-->\n<div id=\"themify_builder_content-2526\" data-postid=\"2526\" class=\"themify_builder_content themify_builder_content-2526 themify_builder tf_clear\">\n                    <div  data-css_id=\"jbzx576\" data-lazy=\"1\" class=\"module_row themify_builder_row fullwidth tb_jbzx576 tb_first tf_w\">\n                        <div class=\"row_inner col_align_top tb_col_count_1 tf_box tf_rel\">\n                        <div  data-lazy=\"1\" class=\"module_column tb-column col-full tb_rgmg576 first\">\n                    <!-- module fancy heading -->\n<div  class=\"module module-fancy-heading tb_jy9p611  tb_hide_divider\" data-lazy=\"1\">\n        <h1 class=\"fancy-heading tf_textc\">\n    <span class=\"main-head tf_block\">\n                    MENTIONS L\u00c9GALES            <\/span>\n\n    \n    <span class=\"sub-head tf_block tf_rel\">\n                                <\/span>\n    <\/h1>\n<\/div>\n<!-- \/module fancy heading -->\n        <\/div>\n                        <\/div>\n        <\/div>\n        <\/div>\n<!--\/themify_builder_content-->\n\n\n<h3 class=\"wp-block-heading has-text-align-left\"><strong><mark style=\"background-color:rgba(0, 0, 0, 0);color:#744043\" class=\"has-inline-color\">1. Pr\u00e9sentation du site<\/mark><\/strong><\/h3>\n\n\n\n<p>En vertu de l&rsquo;article 6 de la loi n\u00b0 2004-575 du 21 juin 2004 pour la confiance dans l&rsquo;\u00e9conomie num\u00e9rique, il est pr\u00e9cis\u00e9 aux utilisateurs du site <a><strong>www.porteursdevivres.fr<\/strong><\/a> l&rsquo;identit\u00e9 des diff\u00e9rents intervenants dans le cadre de sa r\u00e9alisation et de son suivi :<\/p>\n\n\n\n<ul class=\"wp-block-list\">\n<li><strong>Propri\u00e9taire :<\/strong> Association PORTEURS DE VIVRES (Association Loi 1901)\n<ul class=\"wp-block-list\">\n<li>Si\u00e8ge social : Centre Socio-Culturel Place Porte St Antoine 79220 Champdeniers<\/li>\n\n\n\n<li>Num\u00e9ro RNA : W793005067<\/li>\n\n\n\n<li>SIRET : 88354571700018<\/li>\n\n\n\n<li>Contact : <a>contact@porteursdevivres.fr<\/a> \/ T\u00e9l : 0695311659<\/li>\n<\/ul>\n<\/li>\n\n\n\n<li><strong>Directrice de la publication :<\/strong> Pierre BREILLAT (Pr\u00e9sident de l&rsquo;Association)<\/li>\n\n\n\n<li><strong>Webmaster :<\/strong> Yasser Toumi <\/li>\n\n\n\n<li><strong>Design UI\/UX<\/strong> : Julie Cosendai<\/li>\n\n\n\n<li><strong>H\u00e9bergeur :<\/strong> OVH &#8211; 2 rue Kellermann, BP 80157, 59053 ROUBAIX CEDEX 1, France\n<ul class=\"wp-block-list\">\n<li>Site web de l&rsquo;h\u00e9bergeur : <a>www.ovh.com<\/a><\/li>\n\n\n\n<li>Num\u00e9ro de t\u00e9l\u00e9phone de l&rsquo;h\u00e9bergeur : +33 (0)9 72 10 10 07<\/li>\n<\/ul>\n<\/li>\n<\/ul>\n\n\n\n<h3 class=\"wp-block-heading\"><strong><mark style=\"background-color:rgba(0, 0, 0, 0);color:#744043\" class=\"has-inline-color\">2. Conditions G\u00e9n\u00e9rales d&rsquo;Utilisation (CGU)<\/mark><\/strong><\/h3>\n\n\n\n<p>L&rsquo;utilisation du site <a><strong>www.porteursdevivres.fr<\/strong><\/a> implique l&rsquo;acceptation pleine et enti\u00e8re des conditions g\u00e9n\u00e9rales d&rsquo;utilisation ci-apr\u00e8s d\u00e9crites.<\/p>\n\n\n\n<ul class=\"wp-block-list\">\n<li>L&rsquo;acc\u00e8s au site est libre, mais peut \u00eatre interrompu pour maintenance.<\/li>\n\n\n\n<li>L&rsquo;association se r\u00e9serve le droit de modifier le contenu du site \u00e0 tout moment sans pr\u00e9avis.<\/li>\n\n\n\n<li>Les utilisateurs peuvent contacter l&rsquo;association via l&rsquo;adresse email officielle.<\/li>\n\n\n\n<li>Les utilisateurs doivent respecter les lois en vigueur lors de l&rsquo;utilisation du site.<\/li>\n\n\n\n<li>L&rsquo;association ne saurait \u00eatre tenue responsable des erreurs ou omissions dans les informations diffus\u00e9es.<\/li>\n\n\n\n<li>Tout acc\u00e8s frauduleux au site ou modification des donn\u00e9es est passible de poursuites judiciaires.<\/li>\n<\/ul>\n\n\n\n<h3 class=\"wp-block-heading\"><strong><mark style=\"background-color:rgba(0, 0, 0, 0);color:#744043\" class=\"has-inline-color\">3. Politique de Confidentialit\u00e9 (RGPD)<\/mark><\/strong><\/h3>\n\n\n\n<p><strong>Donn\u00e9es collect\u00e9es :<\/strong><br>Nous collectons uniquement les donn\u00e9es suivantes  :<\/p>\n\n\n\n<ul class=\"wp-block-list\">\n<li>Nom, pr\u00e9nom<\/li>\n\n\n\n<li>Email<\/li>\n\n\n\n<li>Message envoy\u00e9<\/li>\n\n\n\n<li>Adresse Postale (facultatif)<\/li>\n\n\n\n<li>Num\u00e9ro de t\u00e9l\u00e9phone (facultatif)<\/li>\n<\/ul>\n\n\n\n<p>Nous utilisons ces donn\u00e9es uniquement pour r\u00e9pondre aux demandes des utilisateurs. Nous ne partageons ni ne vendons ces informations \u00e0 des tiers.<\/p>\n\n\n\n<p><strong>Finalit\u00e9 des donn\u00e9es collect\u00e9es :<\/strong><\/p>\n\n\n\n<ul class=\"wp-block-list\">\n<li>R\u00e9ponse aux demandes re\u00e7ues.<\/li>\n\n\n\n<li>Information sur les activit\u00e9s de l&rsquo;association.<\/li>\n\n\n\n<li>Fonctionnement du site et des services propos\u00e9s.<\/li>\n<\/ul>\n\n\n\n<p><strong>Droit des utilisateurs :<\/strong><br>Conform\u00e9ment au RGPD, vous disposez d&rsquo;un droit d&rsquo;acc\u00e8s, de rectification et de suppression de vos donn\u00e9es personnelles.<\/p>\n\n\n\n<ul class=\"wp-block-list\">\n<li>Pour exercer ces droits, contactez-nous \u00e0<a><strong> webmaster@porteursdevivres.fr<\/strong><\/a>.<\/li>\n\n\n\n<li>Nous nous engageons \u00e0 r\u00e9pondre dans un d\u00e9lai de <strong>30 jours<\/strong>.<\/li>\n\n\n\n<li>Les donn\u00e9es collect\u00e9es sont conserv\u00e9es pour une dur\u00e9e maximale de <strong>3 ans<\/strong>.<\/li>\n\n\n\n<li>Le compte utilisateur peut \u00eatre supprim\u00e9 sans pr\u00e9avis au bout d\u2019un an d\u2019inutilisation.<\/li>\n<\/ul>\n\n\n\n<h3 class=\"wp-block-heading\"><strong><mark style=\"background-color:rgba(0, 0, 0, 0);color:#744043\" class=\"has-inline-color\">4. Politique de Cookies<\/mark><\/strong><\/h3>\n\n\n\n<p>Nous utilisons des cookies uniquement pour le bon fonctionnement et la s\u00e9curit\u00e9 du site.<\/p>\n\n\n\n<p><strong>Types de cookies utilis\u00e9s :<\/strong><\/p>\n\n\n\n<ul class=\"wp-block-list\">\n<li><strong>Cookies de session :<\/strong> Conservation temporaire des pr\u00e9f\u00e9rences utilisateur.<\/li>\n<\/ul>\n\n\n\n<p><strong>Gestion des cookies :<\/strong><\/p>\n\n\n\n<p>Vous pouvez \u00e9galement configurer votre navigateur pour les bloquer.<\/p>\n\n\n\n<p>Vous pouvez accepter ou refuser les cookies via la banni\u00e8re affich\u00e9e sur le site.<\/p>\n\n\n\n<h3 class=\"wp-block-heading\"><strong><mark style=\"background-color:rgba(0, 0, 0, 0);color:#744043\" class=\"has-inline-color\">5. Informations sur les pr\u00e9-commandes<\/mark><\/strong><\/h3>\n\n\n\n<p>Le site permet aux utilisateurs de <strong>r\u00e9server des produits<\/strong> en ligne sans paiement. Le r\u00e8glement s&rsquo;effectue uniquement en magasin lors du retrait des produits. Nous acceptons les esp\u00e8ces et les ch\u00e8ques uniquement lors de votre passage en caisse. Il y a trois distributeurs de billets \u00e0 proximit\u00e9 de l&rsquo;\u00e9picerie. Le r\u00e8glement peut \u00eatre aussi anticip\u00e9 en faisant un virement sur le compte bancaire de l\u2019association (Coordonn\u00e9es bancaires disponibles sur demande par email ou en version papier \u00e0 l\u2019\u00e9picerie).<\/p>\n\n\n\n<ul class=\"wp-block-list\">\n<li><strong>Processus de r\u00e9servation :<\/strong> L&rsquo;utilisateur s\u00e9lectionne les produits disponibles et valide sa pr\u00e9-commande.<\/li>\n\n\n\n<li><strong>Confirmation de commande :<\/strong> Un email de confirmation est envoy\u00e9.<\/li>\n\n\n\n<li><strong>Modification\/Annulation :<\/strong> Une pr\u00e9-commande peut \u00eatre annul\u00e9e ou modifi\u00e9e en contactant l&rsquo;association par email \u00e0 <a><strong>contact@porteursdevivres.fr<\/strong><\/a> avant la date limite indiqu\u00e9e.<\/li>\n\n\n\n<li><strong>Disponibilit\u00e9 des produits :<\/strong> Les produits r\u00e9serv\u00e9s sont soumis \u00e0 la disponibilit\u00e9 et peuvent \u00eatre remplac\u00e9s par un \u00e9quivalent si n\u00e9cessaire. L\u2019utilisateur pourra accepter ou refuser la proposition de remplacement lors de l\u2019enl\u00e8vement des produits : seuls les produits enlev\u00e9s seront factur\u00e9s, l\u2019utilisateur n\u2019est pas tenu de prendre un produit de remplacement non r\u00e9serv\u00e9.<\/li>\n\n\n\n<li><strong>Engagement de r\u00e9cup\u00e9ration :<\/strong> En validant une pr\u00e9commande, l\u2019utilisateur s\u2019engage \u00e0 venir r\u00e9cup\u00e9rer ses produits durant le cr\u00e9neau d\u2019ouverture de l\u2019\u00e9picerie pr\u00e9vu pour chaque produit pr\u00e9-command\u00e9. En cas d\u2019emp\u00eachement, l\u2019utilisateur est invit\u00e9 \u00e0 pr\u00e9venir d\u00e8s que possible l\u2019association pour permettre la vente du ou des produits pr\u00e9-command\u00e9s \u00e0 d\u2019autres personnes. Si un produit pr\u00e9-command\u00e9 n\u2019est pas enlev\u00e9 dans le d\u00e9lai de consommation possible, l\u2019association se r\u00e9serve le droit de le facturer \u00e0 l\u2019utilisateur.<br><\/li>\n<\/ul>\n\n\n\n<h3 class=\"wp-block-heading\"><strong><mark style=\"background-color:rgba(0, 0, 0, 0);color:#744043\" class=\"has-inline-color\">6. Droit applicable<\/mark><\/strong><\/h3>\n\n\n\n<p>Tout litige relatif \u00e0 l&rsquo;utilisation du site <a><strong>www.porteursdevivres.fr<\/strong><\/a> est soumis au droit fran\u00e7ais et rel\u00e8ve de la comp\u00e9tence des tribunaux fran\u00e7ais.<\/p>\n\n\n\n<p><strong>Tribunal comp\u00e9tent :<\/strong> Tribunal de Niort en cas de litige.<\/p>\n\n\n\n<hr class=\"wp-block-separator has-alpha-channel-opacity\"\/>","protected":false},"excerpt":{"rendered":"<p>1. Pr\u00e9sentation du site En vertu de l&rsquo;article 6 de la loi n\u00b0 2004-575 du 21 juin 2004 pour la confiance dans l&rsquo;\u00e9conomie num\u00e9rique, il est pr\u00e9cis\u00e9 aux utilisateurs du site www.porteursdevivres.fr l&rsquo;identit\u00e9 des diff\u00e9rents intervenants dans le cadre de sa r\u00e9alisation et de son suivi : 2. Conditions G\u00e9n\u00e9rales d&rsquo;Utilisation (CGU) L&rsquo;utilisation du site [&hellip;]<\/p>\n","protected":false},"author":2,"featured_media":0,"parent":0,"menu_order":1,"comment_status":"closed","ping_status":"closed","template":"","meta":{"footnotes":""},"class_list":["post-2526","page","type-page","status-publish","hentry","has-post-title","has-post-date","has-post-category","has-post-tag","has-post-comment","has-post-author",""],"builder_content":"<h1>MENTIONS L\u00c9GALES<br\/><\/h1>","_links":{"self":[{"href":"https:\/\/www.porteursdevivres.fr\/index.php\/wp-json\/wp\/v2\/pages\/2526","targetHints":{"allow":["GET"]}}],"collection":[{"href":"https:\/\/www.porteursdevivres.fr\/index.php\/wp-json\/wp\/v2\/pages"}],"about":[{"href":"https:\/\/www.porteursdevivres.fr\/index.php\/wp-json\/wp\/v2\/types\/page"}],"author":[{"embeddable":true,"href":"https:\/\/www.porteursdevivres.fr\/index.php\/wp-json\/wp\/v2\/users\/2"}],"replies":[{"embeddable":true,"href":"https:\/\/www.porteursdevivres.fr\/index.php\/wp-json\/wp\/v2\/comments?post=2526"}],"version-history":[{"count":91,"href":"https:\/\/www.porteursdevivres.fr\/index.php\/wp-json\/wp\/v2\/pages\/2526\/revisions"}],"predecessor-version":[{"id":4840,"href":"https:\/\/www.porteursdevivres.fr\/index.php\/wp-json\/wp\/v2\/pages\/2526\/revisions\/4840"}],"wp:attachment":[{"href":"https:\/\/www.porteursdevivres.fr\/index.php\/wp-json\/wp\/v2\/media?parent=2526"}],"curies":[{"name":"wp","href":"https:\/\/api.w.org\/{rel}","templated":true}]}}