{"id":2592,"date":"2025-03-20T16:25:08","date_gmt":"2025-03-20T15:25:08","guid":{"rendered":"https:\/\/porteursdevivres79.com\/index.php\/produit\/le-petit-epeautre-engrain-400g-bio-fps-copy\/"},"modified":"2026-04-18T16:17:04","modified_gmt":"2026-04-18T14:17:04","slug":"le-petit-epeautre-engrain-400g-bio-fps-2","status":"publish","type":"product","link":"https:\/\/www.porteursdevivres.fr\/index.php\/produit\/le-petit-epeautre-engrain-400g-bio-fps-2\/","title":{"rendered":"LE PETIT EPEAUTRE (ENGRAIN) &#8211; 800G &#8211; BIO &#8211; FPS"},"content":{"rendered":"<div class=\"gmail_quote\">\n<div>Une production du Fournil Le Pain\u2019Son \u00e0 Pougne-H\u00e9risson (79)<br \/>\nIngr\u00e9dients : farine compl\u00e8te de petit \u00e9peautre*, eau, levain de petit \u00e9peautre*, sel<br \/>\nAllerg\u00e8nes : gluten<br \/>\n* Ingr\u00e9dients issus de l\u2019agriculture biologique<\/div>\n<\/div>\n<p><!--themify_builder_static--><!--\/themify_builder_static--><\/p>\n","protected":false},"excerpt":{"rendered":"<p>Une production du Fournil Le Pain\u2019Son \u00e0 Pougne-H\u00e9risson (79) Ingr\u00e9dients : farine compl\u00e8te de petit \u00e9peautre*, eau, levain de petit \u00e9peautre*, sel Allerg\u00e8nes : gluten * Ingr\u00e9dients issus de l\u2019agriculture biologique<\/p>\n","protected":false},"featured_media":2593,"comment_status":"closed","ping_status":"closed","template":"","meta":[],"product_brand":[],"product_cat":[68],"product_tag":[],"class_list":{"0":"post-2592","1":"product","2":"type-product","3":"status-publish","4":"has-post-thumbnail","6":"product_cat-boulangerie","7":"has-post-title","8":"has-post-date","9":"has-post-category","10":"has-post-tag","11":"has-post-comment","12":"has-post-author","13":"","15":"first","16":"instock","17":"purchasable","18":"product-type-simple"},"builder_content":"","_links":{"self":[{"href":"https:\/\/www.porteursdevivres.fr\/index.php\/wp-json\/wp\/v2\/product\/2592","targetHints":{"allow":["GET"]}}],"collection":[{"href":"https:\/\/www.porteursdevivres.fr\/index.php\/wp-json\/wp\/v2\/product"}],"about":[{"href":"https:\/\/www.porteursdevivres.fr\/index.php\/wp-json\/wp\/v2\/types\/product"}],"replies":[{"embeddable":true,"href":"https:\/\/www.porteursdevivres.fr\/index.php\/wp-json\/wp\/v2\/comments?post=2592"}],"wp:featuredmedia":[{"embeddable":true,"href":"https:\/\/www.porteursdevivres.fr\/index.php\/wp-json\/wp\/v2\/media\/2593"}],"wp:attachment":[{"href":"https:\/\/www.porteursdevivres.fr\/index.php\/wp-json\/wp\/v2\/media?parent=2592"}],"wp:term":[{"taxonomy":"product_brand","embeddable":true,"href":"https:\/\/www.porteursdevivres.fr\/index.php\/wp-json\/wp\/v2\/product_brand?post=2592"},{"taxonomy":"product_cat","embeddable":true,"href":"https:\/\/www.porteursdevivres.fr\/index.php\/wp-json\/wp\/v2\/product_cat?post=2592"},{"taxonomy":"product_tag","embeddable":true,"href":"https:\/\/www.porteursdevivres.fr\/index.php\/wp-json\/wp\/v2\/product_tag?post=2592"}],"curies":[{"name":"wp","href":"https:\/\/api.w.org\/{rel}","templated":true}]}}